 + (-13 - -12) - 3).
2
Evaluate (-45 - -25) + 7 + 2.
-11
What is 34 - 35 - (-1 - -9)?
-9
-44 + 28 + (4 - -1 - (-4 - -2))
-9
Calculate (0 - -18 - (-8 + -7 + 14)) + -4.
15
Evaluate 62 + (-48 - 9) - (-2 + 1 + -3).
9
14 + (-10 - (-27 + -7) - 7)
31
Evaluate (-1056 - -1058) + -1 + -28.
-27
-18 - -5 - (187 - 193)
-7
Evaluate -53 + (-4 - -27) - -3.
-27
Calculate (7 - 1) + (96 - 81) + -16 + -1.
4
What is the value of 2 - ((-13 - -9) + 11 + 0)?
-5
(22 - 32) + 5 + -3
-8
-57 - -46 - (-1 + -9 - 6)
5
Calculate -9 - ((-6 - (0 + 0)) + (-9 - -15)).
-9
0 + (-10 - (-2 + -2 + 0))
-6
Calculate -8 + 21 + -6 - (1 + 1 - 8).
13
What is -142 - -115 - (-2 + -43)?
18
What is 3 - -1 - (-14 - (-12 - 0)) - -5?
11
(8 - 10) + (-2 - -6) + -62 + 68
8
Evaluate -26 + (-19 - 8) + 29.
-24
Calculate (-1 - -21) + 135 + -157.
-2
What is the value of -13 - (5 + 5 - -3 - 34)?
8
Calculate 4 + 7 + (-25 - (-16 - -7)) - -4.
-1
Evaluate 8 + 31 + -62 + (1 - -5).
-17
-8 + 2 + (-6 - -11) + 2
1
What is (3 - 4) + 7 + 9 + 19?
34
-30 + (21 + 4 - -7)
2
What is -8 - (1 + 4 - 10 - -7)?
-10
What is 24 - (19 - (-15 + 16))?
6
What is the value of 12 - (-3 - (-8 + 2 - (4 - 1)))?
6
What is the value of 1 + -9 - (1091 + -1121)?
22
What is the value of -26 + 25 + -2 + 3 + 1?
1
29 + 1 - (953 - 889)
-34
-23 + (11 - 30) + 33
-9
Evaluate 7 - (9 + (-5 - 2)) - 10 - -18.
13
(-51 - -46) + (-4 - 1)
-10
Calculate 23 + -29 + 15 - 15.
-6
What is the value of -14 - -8 - 0 - 6?
-12
What is 7 - (1 + -2) - (332 + -326)?
2
(1 - -1 - (-13 + 15)) + -7
-7
What is (-3 - (1 - 12)) + -45 + 32?
-5
What is (6 - (15 - 8)) + -6 + -10?
-17
Evaluate 1 + 18 + 0 - (-49 + -71 + 116).
23
-2 - 0 - -3 - (43 + (-37 - 36))
31
1 + 29 + -9 + 18 + (0 - 10)
29
-90 + 99 + (-1 - -4 - 2) - 11
-1
Calculate 42 - (112 - (37 - 8)).
-41
Calculate 3 + -17 + 8 + (-12 - -9).
-9
What is (37 - 3) + 1 + -5 - (0 + 3)?
27
Evaluate -2 + 20 + (8 - (5 - 3)).
24
What is the value of -2 - (16 + -13 - (0 + 6)) - 9?
-8
What is the value of 0 - 0 - (17 + -6)?
-11
What is 4 - (-6 + (-1 - -3) - -1 - -15)?
-8
What is (-18 - -4) + 18 - -13 - -17?
34
What is the value of 11 - ((-3 - -5) + -9)?
18
What is the value of (182 - 168) + (-19 - -3)?
-2
Calculate -1 + 10 + (-6 - -5) + (-4 - -1).
5
What is 5 + 2 + 8 + -26 + 5?
-6
10 - 3 - (-10 + 15 - -4)
-2
Calculate 51 + -18 + -16 + 10.
27
What is -1 + 19 + (10 - (-1 + 4 + 6))?
19
Calculate -4 + 7 + 8 + -14.
-3
(10 + -40 - -21) + (-2 - (-9 - 1))
-1
Calculate 19 + 0 + (700 - 738).
-19
What is (-9 - -8 - (3 - 2)) + -6?
-8
Calculate 1 + -11 + 2 + -1 + 7.
-2
What is (-1 - -18) + -18 + (24 + -5 - 8)?
10
-12 + 14 - ((9 - 3 - 1) + 3)
-6
What is the value of -206 - -238 - (0 + 0 + -3)?
35
Evaluate -13 - (-25 - (28 + -14)).
26
What is the value of (60 + -7 - 30) + -7 + 0 + -9?
7
What is the value of (9 - (28 + -4)) + -8?
-23
What is (-6 - (-5 - (5 + 3))) + -2?
5
-27 + -38 + 124 + -37
22
What is 21 - (8 - (-14 - -6 - -8))?
13
What is the value of -26 - -10 - -16 - 0?
0
What is 5 + 1 + 12 + -27 - (-11 - 22)?
24
What is the value of -11 - ((-12 - -21) + -8 - -2) - 7?
-21
Calculate 0 - (7 + -5 + -3 + -10).
11
What is (2 - (-6 - (0 + 0)) - 10) + -6?
-8
-5 - (-2 - (1 - -2 - -4))
4
What is -32 + 59 - -6 - 40?
-7
What is -2 + (-18 - (-1 + -8)) + 36 + 2?
27
Calculate (14 - (-49 - -23)) + (0 - 13).
27
Evaluate (3 + -15 - -30) + -13.
5
Evaluate 385 + -368 - (-12 - -2).
27
Calculate 0 + 4 + -5 + 12 + -22.
-11
Evaluate ((-6 - 1) + 4 - 0) + -10 + 6.
-7
What is -9 + -2 + (-1 - (-3 + 13))?
-22
What is 21 - (5 - (18 + -20))?
14
14 - 8 - ((1 - 3) + 1 + 3)
4
Evaluate -3 + 22 - (-81 + 98).
2
What is -12 + (-5 + 1 - (37 + -46)) + -2?
-9
What is 54 - ((-10 - -36) + 5)?
23
What is the value of -3 - (8 - (-13 - (-24 - 12)))?
12
Calculate (7 - (-31 + 16)) + -6.
16
What is -1 + -4 + (-18 - 11 - -19)?
-15
What is (-9 - (-19 - -2)) + -25?
-17
What is 8 + -3 + -6 + (-5 - -15)?
9
What is the value of (-16 + 13 - (3 - 2)) + -1?
-5
Calculate -6 + (0 - 7) + 6 + 4.
-3
Calculate -1 + 10 - (-109 - -104).
14
Calculate 32 + -53 - (-2 + 2).
-21
Evaluate 0 + 7 - (-29 - -25) - 27.
-16
What is -5 + (7 - 6) + -4 - (24 + -5)?
-27
What is the value of -2 + (-67 - -22 - -26)?
-21
Calculate 2 + -4 + -111 + 86.
-27
What is -27 - (-37 + 2) - -2?
10
What is the value of 64 + 19 + (-66 - -15)?
32
What is the value of -22 + 2 - (-12 - (-64 - -46))?
-26
Evaluate 2 + -13 - (8 + -13) - -2.
-4
(35 - 11) + -14 + -14 + 1 + -1
-4
What is 3 + 2 + 2 + -1 + (-9 - -7)?
4
23 + 1 + (-278 - -265)
11
Calculate -8 + (24 - -2) - (8 + 0).
10
What is the value of 35 - 47 - (-1 + -12)?
1
Calculate -9 + 9 + (4 - 10) + 1.
-5
27 - 21 - -24 - (-9 - -23)
16
What is the value of 5 + -11 + 24 - 22?
-4
Calculate (1 - -1) + (172 - 195).
-21
What is 29 - (-2 + (-8 - (-1 + -17 - -6)))?
27
Calculate 2 + (9 - 4) - 18 - -20.
9
Evaluate 5 - -8 - (11 - -4).
-2
What is (16 - (17 + -2)) + 17?
18
What is -24 + (-5 + 3 - 12) + 14?
-24
What is the value of -3 + 2 + 0 + (-14 - -38 - 26)?
-3
What is (-11 + -11 - 7) + (-4 - (6 - 12))?
-27
Evaluate (-1 - (-8 + 2 + 12)) + 42 + -15.
20
Calculate 0 - 5 - (-19 - -32).
-18
What is the value of 19 - ((22 - (-7 - -12)) + -4)?
6
Evaluate -2 + -15 + (-2 - -9) + 3.
-7
10 + (23 - (26 + -5))
12
-1 - (-1 + 5 + -5 + 9 + -7)
-2
What is the value of 0 + 19 + (-66 - -56) - 17?
-8
What is (1 - 8) + (-21 - -29) + (-3 - -9)?
7
-23 - (38 - 32) - -55
26
Calculate 7 - 4 - 4 - (-89 - -90).
-2
Evaluate -3 + (11 - 14) - (-5 + 19).
-20
Calculate (1 - -16) + -11 + -13.
-7
What is the value of -22 + 16 + 1 + 83 + -99?
-21
What is 5 + -7 + 5 - (17 + -32)?
18
Calculate 5 - ((2 - 4) + 2 + -3) - 19.
-11
-2 + -9 + (24 + -14 - 15)
-16
What is -22 + 28 + 0 + -12?
-6
Evaluate -6 - (7 + 6 + (-1 - 6) - -1).
-13
What is the value of 56 + -78 + 35 - (-11 + 0)?
24
What is 5 + -10 + -7 + (-40 - -36)?
-16
Calculate 1 - (-2 - 1 - -2) - (-55 + 48).
9
Calculate (-9 + 6 - -16) + -30.
-17
What is the value of (-11 - -2 - -5) + 9 + -6 + 0?
-1
Calculate 7 + 2 + -25 + -5 + 11.
-10
What is -9 + 14 + (9 - 18 - 0)?
-4
What is -62 + 27 - (-6 - 6)?
-23
Calculate (22 - 45) + 14 + 10.
1
-6 + (-1 - -2) - (1 + -2 + -5)
1
Calculate -55 + 54 + 14 + -3.
10
What is the value of -16 + (-11 - 10 - -18)?
-19
What is -6 + 4 + 8 - -1 - (29 - 5)?
-17
Calculate 9 + 6 + -23 + (-3 - -3) + 14.
6
What is -7 + -6 - (-5 - 26) - 4?
14
Evaluate (-2 - (-5 - 0)) + 19 + (-31 - -16).
7
(-57 - -72 - (1 + 15)) + 5
4
What is the value of 30 + 0 + 3138 + -3195?
-27
What is 1 + 2 - ((-11 - -29) + 1 + -5)?
-11
Evaluate 1 + -5 - (-6 + -2).
4
-21 - -8 - (1 + 1 - 8)
-7
What is 31 + -28 + -1 - -16?
18
What is (-41 - -26) + -4 + 10?
-9
(0 - -8 - -12) + -16 - 22
-18
(-2 - (22 + -11 + -23)) + 3
13
What is the value of -9 + (-29 - -46) + 15?
23
What is 17 - 40 - -8 - -21?
6
Evaluate 15 + 3 + -4 + -2.
12
Evaluate (-2 - (29 + -12)) + 1.
-18
-9 - (18 + -22 + -12)
7
Evaluate -6 - (-3 - (-2 + (3 - 5) - -2)).
-5
Calculate -24 - (-16 + 2 + -8 + 5 + 11).
-18
What is the value of 0 + 5 - ((-2 - 3) + 11)?
-1
Calculate 4 + 4 - (2 + 1 + -19 + 14).
10
14 - (10 - 3) - (0 - -6)
1
Evaluate -23 + 14 + -2 - -10 - -5.
4
What is the value of 0 - (5 - (3 - (-2 + 1)) - 5)?
4
What is the value of -5 - (-10 + (15 + -7 - 0)) - 27?
-30
19 + (-19 - 7) - -36
29
Evaluate (13 - -1) + 2 + -10.
6
Evaluate 7 - 1 - (-7 - (-33 - -15)).
-5
What is 1 + 9 - (-66 - -82) - -10?
4
What is the value of 108 - 31 - (-29 - -65)?
41
Evaluate 197 - 199 - (-5 + 8).
-5
10 + -2 + (76 - 62) - -14
36
-2 + 8 - (-6 - (-14 + 9 + -4))
3
Calculate -16 + 6 + -5 + 4.
-11
What is the value of -8 - (14 - (42 - (13 - 9)))?
16
Evaluate (9 - 0) + (9 - 0) + -259 + 260.
19
-8 + (11 - -6) - 9
0
27 - (80 + -18) - -34
-1
Calculate 2 + -28 - (11 - (-8 + 14 + -3)).
-34
Calculate (-3 - -9) + 10 - 5.
11
Evaluate -11 - (6 - (-5 - (-7 + (-1 - 0)))).
-14
Calculate (13 + -9 - 8) + 2 + 0.
-2
Calculate (8 - 0 - -1) + 58 + -64 + 3.
6
Calculate -4 + 8 + 0 + (-14 - -9).
-1
(29 - -44) + -39 - (12 + 1)
21
What is -6 - (-7 + 5 + -9)?
5
Calculate -23 - (-5 + -5 + 18 + -14 + -2).
-15
What is the value of 2 + -1 + 5 - (24 - 7)?
-11
Calculate 6 + (-4 - -13 - (-19 - -28)).
6
What is the value of -5 - (-13 - -7) - 5?
-4
Calculate 252 + -245 - (9 - (2 + -2)).
-2
Calculate (1 - 12) + -20 + 19 + 6.
-6
Evaluate (15 - (-2 + 24)) + (-1 - -15).
7
What is the value of 0 - -7 -